[INFO] fetching crate actix-web-4-validator 3.2.0...
[INFO] checking actix-web-4-validator-3.2.0 against master#9610dfe5a9a731ced1ea4923ecbd0c57fe367898 for beta-170-4
[INFO] extracting crate actix-web-4-validator 3.2.0 into /workspace/builds/worker-4-tc1/source
[INFO] validating manifest of crates.io crate actix-web-4-validator 3.2.0 on toolchain 9610dfe5a9a731ced1ea4923ecbd0c57fe367898
[INFO] running `Command { std: CARGO_HOME="/workspace/cargo-home" RUSTUP_HOME="/workspace/rustup-home" "/workspace/cargo-home/bin/cargo" "+9610dfe5a9a731ced1ea4923ecbd0c57fe367898" "metadata" "--manifest-path" "Cargo.toml" "--no-deps", kill_on_drop: false }`
[INFO] started tweaking crates.io crate actix-web-4-validator 3.2.0
[INFO] finished tweaking crates.io crate actix-web-4-validator 3.2.0
[INFO] tweaked toml for crates.io crate actix-web-4-validator 3.2.0 written to /workspace/builds/worker-4-tc1/source/Cargo.toml
[INFO] running `Command { std: CARGO_HOME="/workspace/cargo-home" RUSTUP_HOME="/workspace/rustup-home" __CARGO_TEST_CHANNEL_OVERRIDE_DO_NOT_USE_THIS="nightly" "/workspace/cargo-home/bin/cargo" "+9610dfe5a9a731ced1ea4923ecbd0c57fe367898" "generate-lockfile" "--manifest-path" "Cargo.toml" "-Zno-index-update", kill_on_drop: false }`
[INFO] running `Command { std: CARGO_HOME="/workspace/cargo-home" RUSTUP_HOME="/workspace/rustup-home" "/workspace/cargo-home/bin/cargo" "+9610dfe5a9a731ced1ea4923ecbd0c57fe367898" "fetch" "--manifest-path" "Cargo.toml", kill_on_drop: false }`
[INFO] [stderr]  Downloading crates ...
[INFO] [stderr]   Downloaded actix-web v4.3.1
[INFO] [stderr]   Downloaded actix-codec v0.5.1
[INFO] [stderr]   Downloaded actix-http v3.3.1
[INFO] [stderr]   Downloaded bytestring v1.3.0
[INFO] [stderr]   Downloaded actix-http v2.2.2
[INFO] [stderr]   Downloaded actix-web v3.3.3
[INFO] [stderr]   Downloaded validator_derive v0.14.0
[INFO] [stderr]   Downloaded validator_types v0.14.0
[INFO] [stderr]   Downloaded validator v0.14.0
[INFO] [stderr]   Downloaded serde_qs v0.8.5
[INFO] running `Command { std: "docker" "create" "-v" "/var/lib/crater-agent-workspace/builds/worker-4-tc1/target:/opt/rustwide/target:rw,Z" "-v" "/var/lib/crater-agent-workspace/builds/worker-4-tc1/source:/opt/rustwide/workdir:ro,Z" "-v" "/var/lib/crater-agent-workspace/cargo-home:/opt/rustwide/cargo-home:ro,Z" "-v" "/var/lib/crater-agent-workspace/rustup-home:/opt/rustwide/rustup-home:ro,Z" "-e" "SOURCE_DIR=/opt/rustwide/workdir" "-e" "CARGO_TARGET_DIR=/opt/rustwide/target" "-e" "CARGO_HOME=/opt/rustwide/cargo-home" "-e" "RUSTUP_HOME=/opt/rustwide/rustup-home" "-w" "/opt/rustwide/workdir" "-m" "1610612736" "--user" "0:0" "--network" "none" "ghcr.io/rust-lang/crates-build-env/linux@sha256:19e73879b68f455e41552ea35293514db52ea292d993f571636dbffedb77a1ee" "/opt/rustwide/cargo-home/bin/cargo" "+9610dfe5a9a731ced1ea4923ecbd0c57fe367898" "metadata" "--no-deps" "--format-version=1", kill_on_drop: false }`
[INFO] [stdout] 3ecbcb6c79f9e07812295aea55e9bc18dfe026384ecce0b7e260e08a788c38e6
[INFO] running `Command { std: "docker" "start" "-a" "3ecbcb6c79f9e07812295aea55e9bc18dfe026384ecce0b7e260e08a788c38e6", kill_on_drop: false }`
[INFO] running `Command { std: "docker" "inspect" "3ecbcb6c79f9e07812295aea55e9bc18dfe026384ecce0b7e260e08a788c38e6", kill_on_drop: false }`
[INFO] running `Command { std: "docker" "rm" "-f" "3ecbcb6c79f9e07812295aea55e9bc18dfe026384ecce0b7e260e08a788c38e6", kill_on_drop: false }`
[INFO] [stdout] 3ecbcb6c79f9e07812295aea55e9bc18dfe026384ecce0b7e260e08a788c38e6
[INFO] running `Command { std: "docker" "create" "-v" "/var/lib/crater-agent-workspace/builds/worker-4-tc1/target:/opt/rustwide/target:rw,Z" "-v" "/var/lib/crater-agent-workspace/builds/worker-4-tc1/source:/opt/rustwide/workdir:ro,Z" "-v" "/var/lib/crater-agent-workspace/cargo-home:/opt/rustwide/cargo-home:ro,Z" "-v" "/var/lib/crater-agent-workspace/rustup-home:/opt/rustwide/rustup-home:ro,Z" "-e" "SOURCE_DIR=/opt/rustwide/workdir" "-e" "CARGO_TARGET_DIR=/opt/rustwide/target" "-e" "CARGO_INCREMENTAL=0" "-e" "RUST_BACKTRACE=full" "-e" "RUSTFLAGS=--cap-lints=forbid" "-e" "RUSTDOCFLAGS=--cap-lints=forbid" "-e" "CARGO_HOME=/opt/rustwide/cargo-home" "-e" "RUSTUP_HOME=/opt/rustwide/rustup-home" "-w" "/opt/rustwide/workdir" "-m" "1610612736" "--user" "0:0" "--network" "none" "ghcr.io/rust-lang/crates-build-env/linux@sha256:19e73879b68f455e41552ea35293514db52ea292d993f571636dbffedb77a1ee" "/opt/rustwide/cargo-home/bin/cargo" "+9610dfe5a9a731ced1ea4923ecbd0c57fe367898" "check" "--frozen" "--all" "--all-targets" "--message-format=json", kill_on_drop: false }`
[INFO] [stdout] f4268911670e0af45cd3e19bd0ebcfa39a6ef85895de9b2c984fea3adaba7f93
[INFO] running `Command { std: "docker" "start" "-a" "f4268911670e0af45cd3e19bd0ebcfa39a6ef85895de9b2c984fea3adaba7f93", kill_on_drop: false }`
[INFO] [stderr]    Compiling proc-macro2 v1.0.59
[INFO] [stderr]    Compiling quote v1.0.28
[INFO] [stderr]    Compiling unicode-ident v1.0.9
[INFO] [stderr]    Compiling libc v0.2.144
[INFO] [stderr]    Compiling autocfg v1.1.0
[INFO] [stderr]     Checking cfg-if v1.0.0
[INFO] [stderr]    Compiling version_check v0.9.4
[INFO] [stderr]    Compiling syn v1.0.109
[INFO] [stderr]    Compiling memchr v2.5.0
[INFO] [stderr]    Compiling log v0.4.18
[INFO] [stderr]    Compiling futures-core v0.3.28
[INFO] [stderr]     Checking pin-project-lite v0.2.9
[INFO] [stderr]     Checking futures-sink v0.3.28
[INFO] [stderr]     Checking smallvec v1.10.0
[INFO] [stderr]    Compiling slab v0.4.8
[INFO] [stderr]    Compiling futures-channel v0.3.28
[INFO] [stderr]    Compiling futures-task v0.3.28
[INFO] [stderr]    Compiling lock_api v0.4.9
[INFO] [stderr]    Compiling futures-util v0.3.28
[INFO] [stderr]     Checking futures-io v0.3.28
[INFO] [stderr]     Checking scopeguard v1.1.0
[INFO] [stderr]     Checking pin-utils v0.1.0
[INFO] [stderr]     Checking cfg-if v0.1.10
[INFO] [stderr]     Checking bytes v1.4.0
[INFO] [stderr]     Checking lazy_static v1.4.0
[INFO] [stderr]     Checking once_cell v1.17.2
[INFO] [stderr]    Compiling syn v2.0.18
[INFO] [stderr]     Checking itoa v1.0.6
[INFO] [stderr]     Checking pin-project-lite v0.1.12
[INFO] [stderr]     Checking signal-hook-registry v1.4.1
[INFO] [stderr]     Checking net2 v0.2.38
[INFO] [stderr]     Checking iovec v0.1.4
[INFO] [stderr]     Checking bytes v0.5.6
[INFO] [stderr]    Compiling typenum v1.16.0
[INFO] [stderr]    Compiling generic-array v0.14.7
[INFO] [stderr]     Checking num_cpus v1.15.0
[INFO] [stderr]     Checking tracing-core v0.1.31
[INFO] [stderr]     Checking tinyvec_macros v0.1.1
[INFO] [stderr]     Checking mio v0.6.23
[INFO] [stderr]     Checking percent-encoding v2.2.0
[INFO] [stderr]    Compiling parking_lot_core v0.8.6
[INFO] [stderr]    Compiling pin-project-internal v0.4.30
[INFO] [stderr]    Compiling convert_case v0.4.0
[INFO] [stderr]     Checking tracing v0.1.37
[INFO] [stderr]     Checking tinyvec v1.6.0
[INFO] [stderr]     Checking instant v0.1.12
[INFO] [stderr]     Checking bitflags v1.3.2
[INFO] [stderr]     Checking ppv-lite86 v0.2.17
[INFO] [stderr]     Checking unicode-bidi v0.3.13
[INFO] [stderr]     Checking mio-uds v0.6.8
[INFO] [stderr]     Checking fnv v1.0.7
[INFO] [stderr]    Compiling serde v1.0.163
[INFO] [stderr]     Checking tokio v0.2.25
[INFO] [stderr]    Compiling getrandom v0.1.16
[INFO] [stderr]     Checking http v0.2.9
[INFO] [stderr]     Checking parking_lot v0.11.2
[INFO] [stderr]     Checking form_urlencoded v1.1.0
[INFO] [stderr]     Checking threadpool v1.8.1
[INFO] [stderr]     Checking unicode-normalization v0.1.22
[INFO] [stderr]    Compiling standback v0.2.17
[INFO] [stderr]    Compiling parking_lot_core v0.9.7
[INFO] [stderr]    Compiling indexmap v1.9.3
[INFO] [stderr]     Checking copyless v0.1.5
[INFO] [stderr]    Compiling proc-macro-hack v0.5.20+deprecated
[INFO] [stderr]     Checking rand_core v0.5.1
[INFO] [stderr]     Checking idna v0.3.0
[INFO] [stderr]     Checking aho-corasick v1.0.1
[INFO] [stderr]    Compiling tokio v1.28.2
[INFO] [stderr]     Checking hashbrown v0.12.3
[INFO] [stderr]    Compiling thiserror v1.0.40
[INFO] [stderr]     Checking url v2.3.1
[INFO] [stderr]     Checking either v1.8.1
[INFO] [stderr]    Compiling async-trait v0.1.68
[INFO] [stderr]     Checking regex-syntax v0.7.2
[INFO] [stderr]     Checking matches v0.1.10
[INFO] [stderr]     Checking idna v0.2.3
[INFO] [stderr]     Checking parking_lot v0.12.1
[INFO] [stderr]     Checking rand_chacha v0.2.2
[INFO] [stderr]     Checking mio v0.8.8
[INFO] [stderr]     Checking socket2 v0.4.9
[INFO] [stderr]    Compiling httparse v1.8.0
[INFO] [stderr]     Checking cpufeatures v0.2.7
[INFO] [stderr]    Compiling serde_json v1.0.96
[INFO] [stderr]    Compiling const_fn v0.4.9
[INFO] [stderr]     Checking match_cfg v0.1.0
[INFO] [stderr]     Checking ryu v1.0.13
[INFO] [stderr]     Checking tokio-util v0.3.1
[INFO] [stderr]    Compiling heck v0.4.1
[INFO] [stderr]     Checking hostname v0.3.1
[INFO] [stderr]     Checking rand v0.7.3
[INFO] [stderr]     Checking getrandom v0.2.9
[INFO] [stderr]    Compiling time v0.2.27
[INFO] [stderr]     Checking linked-hash-map v0.5.6
[INFO] [stderr]     Checking quick-error v1.2.3
[INFO] [stderr]     Checking resolv-conf v0.7.0
[INFO] [stderr]     Checking lru-cache v0.1.2
[INFO] [stderr]     Checking bytestring v1.3.0
[INFO] [stderr]    Compiling cookie v0.14.4
[INFO] [stderr]     Checking encoding_rs v0.8.32
[INFO] [stderr]     Checking mime v0.3.17
[INFO] [stderr]    Compiling paste v1.0.12
[INFO] [stderr]     Checking block-buffer v0.9.0
[INFO] [stderr]     Checking digest v0.9.0
[INFO] [stderr]     Checking regex v1.8.3
[INFO] [stderr]    Compiling proc-macro-error-attr v1.0.4
[INFO] [stderr]     Checking opaque-debug v0.3.0
[INFO] [stderr]     Checking local-waker v0.1.3
[INFO] [stderr]     Checking byteorder v1.4.3
[INFO] [stderr]     Checking sha-1 v0.9.8
[INFO] [stderr]     Checking fxhash v0.2.1
[INFO] [stderr]     Checking rand_core v0.6.4
[INFO] [stderr]     Checking crypto-common v0.1.6
[INFO] [stderr]     Checking block-buffer v0.10.4
[INFO] [stderr]     Checking socket2 v0.3.19
[INFO] [stderr]    Compiling ahash v0.8.3
[INFO] [stderr]    Compiling proc-macro-error v1.0.4
[INFO] [stderr]     Checking language-tags v0.2.2
[INFO] [stderr]     Checking base64 v0.13.1
[INFO] [stderr]     Checking itoa v0.4.8
[INFO] [stderr]     Checking actix-service v2.0.2
[INFO] [stderr]     Checking digest v0.10.7
[INFO] [stderr]     Checking rand_chacha v0.3.1
[INFO] [stderr]    Compiling futures-macro v0.3.28
[INFO] [stderr]    Compiling serde_derive v1.0.163
[INFO] [stderr]    Compiling thiserror-impl v1.0.40
[INFO] [stderr]    Compiling pin-project-internal v1.1.0
[INFO] [stderr]    Compiling derive_more v0.99.17
[INFO] [stderr]    Compiling actix-macros v0.1.3
[INFO] [stderr]    Compiling enum-as-inner v0.3.4
[INFO] [stderr]    Compiling time-macros-impl v0.1.2
[INFO] [stderr]     Checking pin-project v1.1.0
[INFO] [stderr]     Checking tracing-futures v0.2.5
[INFO] [stderr]     Checking tokio-util v0.7.8
[INFO] [stderr]    Compiling actix-macros v0.2.3
[INFO] [stderr]     Checking time-macros v0.1.1
[INFO] [stderr]     Checking actix-utils v3.0.1
[INFO] [stderr]    Compiling ahash v0.7.6
[INFO] [stderr]     Checking futures-executor v0.3.28
[INFO] [stderr]     Checking h2 v0.2.7
[INFO] [stderr]     Checking futures v0.3.28
[INFO] [stderr]     Checking actix-rt v2.8.0
[INFO] [stderr]     Checking trust-dns-proto v0.19.7
[INFO] [stderr]     Checking h2 v0.3.19
[INFO] [stderr]     Checking local-channel v0.1.3
[INFO] [stderr]     Checking actix-codec v0.5.1
[INFO] [stderr]     Checking pin-project v0.4.30
[INFO] [stderr]    Compiling actix-web-codegen v0.4.0
[INFO] [stderr]     Checking actix-service v1.0.6
[INFO] [stderr]     Checking actix-codec v0.3.0
[INFO] [stderr]     Checking trust-dns-resolver v0.19.7
[INFO] [stderr]     Checking sha1 v0.10.5
[INFO] [stderr]     Checking rand v0.8.5
[INFO] [stderr]     Checking actix-threadpool v0.3.3
[INFO] [stderr]     Checking actix-rt v1.1.1
[INFO] [stderr]     Checking actix-utils v2.0.0
[INFO] [stderr]    Compiling validator_types v0.14.0
[INFO] [stderr]     Checking actix-connect v2.0.0
[INFO] [stderr]     Checking actix-server v1.0.4
[INFO] [stderr]     Checking actix-tls v2.0.0
[INFO] [stderr]     Checking actix-testing v1.0.1
[INFO] [stderr]    Compiling if_chain v1.0.2
[INFO] [stderr]     Checking httpdate v1.0.2
[INFO] [stderr]     Checking base64 v0.21.2
[INFO] [stderr]     Checking time-core v0.1.1
[INFO] [stderr]     Checking language-tags v0.3.2
[INFO] [stderr]     Checking time v0.3.21
[INFO] [stderr]     Checking actix-server v2.2.0
[INFO] [stderr]     Checking actix-http v3.3.1
[INFO] [stderr]    Compiling validator_derive v0.14.0
[INFO] [stderr]     Checking serde_urlencoded v0.7.1
[INFO] [stderr]     Checking actix-router v0.2.7
[INFO] [stderr]     Checking actix-router v0.5.1
[INFO] [stderr]     Checking actix-http v2.2.2
[INFO] [stderr]     Checking validator v0.14.0
[INFO] [stderr]     Checking actix-web v4.3.1
[INFO] [stderr]     Checking awc v2.0.3
[INFO] [stderr]     Checking actix-web v3.3.3
[INFO] [stderr]     Checking serde_qs v0.8.5
[INFO] [stderr]     Checking actix-web-4-validator v3.2.0 (/opt/rustwide/workdir)
[INFO] [stdout] error[E0412]: cannot find type `HttpRequest` in module `actix_web::web`
[INFO] [stdout]    --> src/qsquery.rs:208:31
[INFO] [stdout]     |
[INFO] [stdout] 208 |         req: &actix_web::web::HttpRequest,
[INFO] [stdout]     |                               ^^^^^^^^^^^ not found in `actix_web::web`
[INFO] [stdout]     |
[INFO] [stdout] help: consider importing this struct
[INFO] [stdout]     |
[INFO] [stdout] 2   + use actix_web::HttpRequest;
[INFO] [stdout]     |
[INFO] [stdout] help: if you import `HttpRequest`, refer to it directly
[INFO] [stdout]     |
[INFO] [stdout] 208 -         req: &actix_web::web::HttpRequest,
[INFO] [stdout] 208 +         req: &HttpRequest,
[INFO] [stdout]     |
[INFO] [stdout] 
[INFO] [stdout] 
[INFO] [stdout] error[E0412]: cannot find type `HttpRequest` in module `actix_web::web`
[INFO] [stdout]    --> src/query.rs:206:31
[INFO] [stdout]     |
[INFO] [stdout] 206 |         req: &actix_web::web::HttpRequest,
[INFO] [stdout]     |                               ^^^^^^^^^^^ not found in `actix_web::web`
[INFO] [stdout]     |
[INFO] [stdout] help: consider importing this struct
[INFO] [stdout]     |
[INFO] [stdout] 2   + use actix_web::HttpRequest;
[INFO] [stdout]     |
[INFO] [stdout] help: if you import `HttpRequest`, refer to it directly
[INFO] [stdout]     |
[INFO] [stdout] 206 -         req: &actix_web::web::HttpRequest,
[INFO] [stdout] 206 +         req: &HttpRequest,
[INFO] [stdout]     |
[INFO] [stdout] 
[INFO] [stdout] 
[INFO] [stdout] error[E0412]: cannot find type `HttpRequest` in module `actix_web::web`
[INFO] [stdout]    --> src/qsquery.rs:208:31
[INFO] [stdout]     |
[INFO] [stdout] 208 |         req: &actix_web::web::HttpRequest,
[INFO] [stdout]     |                               ^^^^^^^^^^^ not found in `actix_web::web`
[INFO] [stdout]     |
[INFO] [stdout] help: consider importing this struct
[INFO] [stdout]     |
[INFO] [stdout] 2   + use actix_web::HttpRequest;
[INFO] [stdout]     |
[INFO] [stdout] help: if you import `HttpRequest`, refer to it directly
[INFO] [stdout]     |
[INFO] [stdout] 208 -         req: &actix_web::web::HttpRequest,
[INFO] [stdout] 208 +         req: &HttpRequest,
[INFO] [stdout]     |
[INFO] [stdout] 
[INFO] [stdout] 
[INFO] [stdout] error[E0412]: cannot find type `HttpRequest` in module `actix_web::web`
[INFO] [stdout]    --> src/query.rs:206:31
[INFO] [stdout]     |
[INFO] [stdout] 206 |         req: &actix_web::web::HttpRequest,
[INFO] [stdout]     |                               ^^^^^^^^^^^ not found in `actix_web::web`
[INFO] [stdout]     |
[INFO] [stdout] help: consider importing this struct
[INFO] [stdout]     |
[INFO] [stdout] 2   + use actix_web::HttpRequest;
[INFO] [stdout]     |
[INFO] [stdout] help: if you import `HttpRequest`, refer to it directly
[INFO] [stdout]     |
[INFO] [stdout] 206 -         req: &actix_web::web::HttpRequest,
[INFO] [stdout] 206 +         req: &HttpRequest,
[INFO] [stdout]     |
[INFO] [stdout] 
[INFO] [stdout] 
[INFO] [stdout] error: aborting due to 2 previous errors
[INFO] [stdout] 
[INFO] [stdout] 
[INFO] [stdout] For more information about this error, try `rustc --explain E0412`.
[INFO] [stdout] 
[INFO] [stdout] error: aborting due to 2 previous errors
[INFO] [stdout] 
[INFO] [stdout] 
[INFO] [stdout] For more information about this error, try `rustc --explain E0412`.
[INFO] [stdout] 
[INFO] [stderr] error: could not compile `actix-web-4-validator` (lib) due to 3 previous errors
[INFO] [stderr] warning: build failed, waiting for other jobs to finish...
[INFO] [stderr] error: could not compile `actix-web-4-validator` (lib test) due to 3 previous errors
[INFO] running `Command { std: "docker" "inspect" "f4268911670e0af45cd3e19bd0ebcfa39a6ef85895de9b2c984fea3adaba7f93", kill_on_drop: false }`
[INFO] running `Command { std: "docker" "rm" "-f" "f4268911670e0af45cd3e19bd0ebcfa39a6ef85895de9b2c984fea3adaba7f93", kill_on_drop: false }`
[INFO] [stdout] f4268911670e0af45cd3e19bd0ebcfa39a6ef85895de9b2c984fea3adaba7f93
